. What are the prime factors of j?
5, 7
Suppose w = -n + 878, 5*w + 2602 = 2*n + n. Let h = 1432 - n. Suppose -6*o + h - 24 = 0. List the prime factors of o.
89
Let w(j) = 6*j**3 + 3*j**2 + j + 4. What are the prime factors of w(3)?
2, 7
Let j be (-13)/(2535/30) + (-1653134)/(-13). List the prime factors of j/81 - 10/(-135).
2, 5, 157
Let s(o) = -3*o**3 + 2*o**2 - 2*o + 1. Let i be s(1). Let h be 0 + 4 - 6/i. Suppose 13*g = h*g + 300. List the prime factors of g.
2, 5
Suppose -2*a + 3*i = -21484, -186 = a - 2*i - 10926. What are the prime factors of a?
2, 2687
Let i = 6 + -3. Suppose 4*j = 20, -4*j - 430 = -g - 4*g. Suppose -4*o - 2*h + 23 = -i*o, g = 3*o - h. List the prime factors of o.
29
Suppose 0 = 9*p + p - 19140. Suppose -7508 = -7*v + p. List the prime factors of v.
2, 673
Suppose -7 = -4*u + 2*u - x, 0 = -3*x + 9. Let a be u/4 + 1802/(-4). List the prime factors of ((-2)/(-4))/((-15)/a).
3, 5
Suppose -33647 + 164759 = -154*k + 178*k. List the prime factors of k.
3, 607
Let v = 2 - 2. Suppose v*s = 4*s + 140. Let n = s + 40. What are the prime factors of n?
5
Let n(o) = o**3 + 13*o**2 + 13*o - 21. Let d be n(-10). Suppose -d*k - 750 = -152*k. What are the prime factors of k?
2, 5
Let j = 48 - 112. Let c = 67 + j. Suppose c*h - 465 = 51. What are the prime factors of h?
2, 43
Suppose -1449*o + 2*j = -1448*o - 13655, 54585 = 4*o - j. What are the prime factors of o?
5, 2729
Let c(v) = -2*v**2 + 8*v - 10. Suppose 2*b - 104 = -5*d - 25, -d + 9 = -3*b. Let h be c(d). Let s = h + 567. List the prime factors of s.
227
List the prime factors of 3/(-9) + (-20)/6*(-471146)/65.
37, 653
Let h(o) = o**3 - 57*o**2 + 176*o + 22. List the prime factors of h(57).
2, 11, 457
Suppose 31657 = 11*m - y - 13108, 12201 = 3*m + y. What are the prime factors of m?
13, 313
Let r(k) = k**3 + 3*k**2 - 3*k - 6. Let t be r(-3). Let s(x) = -6*x**3 - 7*x**2 - 9*x - 14 + 8*x**3 - 3*x**t. List the prime factors of s(-6).
2
Let w(u) = 19*u - 27*u + 9 + 187*u**2 + 66*u**2. List the prime factors of w(1).
2, 127
Let d(v) = v**3 + 30*v**2 - 30*v + 37. Let a be d(-31). Suppose 0 = -a*j + 805 + 1721. What are the prime factors of j?
421
Let o(y) = 5*y**2 + y + 1909. Let h = 625 + -625. List the prime factors of o(h).
23, 83
Let s = -31 + 43. Let y = 15 - s. Suppose -i + 71 = -5*o, -4 = -5*o + y*o. List the prime factors of i.
3
Let k be ((-1)/2)/(((-25)/(-60))/5). Let g be ((-112)/84)/(2/k). Suppose -g*u = 37 - 125. What are the prime factors of u?
2, 11
Suppose 35*c + 827136 = 292*c - 1068239. List the prime factors of c.
5, 59
Let h be 0*1/(-5) + 5. Suppose 0 = h*v + 2*r - 460, -3*v - 6*r = -11*r - 276. List the prime factors of v.
2, 23
Let s = -2383 + 4253. Let h = -457 + s. List the prime factors of h.
3, 157
Suppose -13 = 8*g - 53. Suppose -3*s - g = -4*s. Suppose -s*u + 3*m + 757 = 0, -109 = -u - 3*m + 28. List the prime factors of u.
149
Let u = -68 + 72. Suppose -2191 = 3*o - 6*o - u*m, 4 = m. Suppose -5*z - o = -5*p, -5*p + 3*z = 431 - 1164. What are the prime factors of p?
149
Let o(t) = -20*t**3 - 2*t**2 + 213*t + 1356. What are the prime factors of o(-6)?
2, 3, 7, 103
Let l be (-208)/(-32) + 1/(-2). Let k be 56/21 + (-4)/l. Suppose k*v - 95 - 175 = 0. What are the prime factors of v?
3, 5
Suppose 0 = 5*c - 4*g - 10420, 222 + 8120 = 4*c - 2*g. What are the prime factors of c?
2, 3, 29
Let z = 126 - -89. Let x = z - 54. Let m = x - -39. What are the prime factors of m?
2, 5
Suppose -9*i - 4*i = -0*i - 66014. List the prime factors of i.
2, 2539
Suppose 2*s + 3*j = -2*j + 54, 4*j = 2*s - 54. Suppose s*l - 7916 = 27508. List the prime factors of l.
2, 41
List the prime factors of -6*1015/60*-3*28.
2, 3, 7, 29
What are the prime factors of (2/(-5) - (-2583)/(-630))*-4804?
2, 3, 1201
Suppose -5*c = -12*c + 63. Suppose -635 = -c*q + 4*q. What are the prime factors of q?
127
Let i = 159 - 157. Suppose -t - b + 105 = -291, -i*t - 4*b + 800 = 0. What are the prime factors of t?
2, 7
Let j(k) = -2*k**3 + k**2 + k + 1. Let y be j(-1). Suppose y*q = -q. Suppose 0 = -d + t + 58, 0 = 5*d + t - q*t - 260. What are the prime factors of d?
53
Let r = 54229 - 37795. List the prime factors of r.
2, 3, 11, 83
Suppose 14*j = 4*n - 87660, -87660 = -31*n + 27*n - 4*j. List the prime factors of n.
3, 5, 487
Suppose -18288*o - 21679 - 36947 = -18291*o. List the prime factors of o.
2, 3, 3257
Suppose -a - 7*a + 28242 = -2*a. List the prime factors of a.
3, 523
Let t(a) = 4*a**2 - 31*a + 51. What are the prime factors of t(-11)?
2, 3, 73
Let l = -11281 - -44420. What are the prime factors of l?
31, 1069
Suppose 0 = 13647*d - 13559*d - 3447400. List the prime factors of d.
5, 1567
Let d(u) = -19*u - 6 + 46*u**2 - 23*u**2 - 22*u**2. What are the prime factors of d(-14)?
2, 3, 19
Suppose -2*y + 6*y = 3*f + 16437, 2*y = 5*f + 8201. What are the prime factors of y?
3, 457
Suppose -4*b - 12 = -28. Suppose -2*s + 2340 = 2*s - b*w, 4*s - 2342 = 3*w. Suppose 0 = n - 4*l - 147 - 114, -2*n + s = 5*l. What are the prime factors of n?
281
Let h = 22 + 7. Let q = h + -29. Suppose 0 = -5*d - 15, 0 = 3*c - q*d + 5*d - 210. List the prime factors of c.
3, 5
Suppose -70 = 5*h - 55. List the prime factors of 112 - ((-15)/h + -3).
2, 5, 11
Suppose 0 = -2*o + 2*l + 820, 2*o + 2*l - 816 = 6*l. Suppose 25*k + j = 24*k + o, 0 = -2*k + 5*j + 796. What are the prime factors of k?
2, 3, 17
Let n = -153 + 157. Suppose -n*z - 2*s + 2950 = 0, 5*z - 5*s + 2*s = 3682. What are the prime factors of z?
11, 67
Suppose 0 + 20 = 4*o. What are the prime factors of 2*-78*(7 - (o - -6))?
2, 3, 13
Let w = 2890 + 153. Let h = w - 2003. List the prime factors of h.
2, 5, 13
Let q(v) = 8*v**3 + 4*v**2 - v + 7. Suppose -7*y + 55 = 34. What are the prime factors of q(y)?
2
What are the prime factors of 570*-2*(-170)/40?
3, 5, 17, 19
Let w be (2/(-12))/(15/(-180)). Suppose x = 171 + w. List the prime factors of x.
173
Suppose -6*r = -r - 4*v - 34, r - v = 7. Suppose r = 7*x - x. What are the prime factors of 73/((-36)/6*x/(-6))?
73
Let t be 3*4/(-24) + (-3733)/(-2). Let x = t + -1286. What are the prime factors of x?
2, 5, 29
Suppose -2*j = -r - 83906, 335*r - 306*r = 4*j - 167596. What are the prime factors of j?
41957
List the prime factors of (6 - (-3470958)/170)/((-3)/(-5)).
34039
Let h(s) = 3*s**2 - 2*s - 5. Let d be h(-3). Suppose -d*p - 6 = -26*p. List the prime factors of (-108)/(-24)*(-8)/p.
2, 3
Suppose -130*q = -125*q - 4070. What are the prime factors of (-1)/(4 - 3258/q)?
11, 37
Suppose 11224500 = 447*l - 72*l. List the prime factors of l.
2, 7, 1069
Suppose 2*k + v = 57545, 31257 + 55092 = 3*k - 2*v. List the prime factors of k.
7, 4111
Let m be (4 - 1)/((-21)/(-14)). What are the prime factors of 385*2/((-6)/m - -5)?
5, 7, 11
List the prime factors of (792/(-32))/(-33) + 3 + 1112085/20.
2, 3, 7, 331
Suppose 33694 = 119*m - 102*m. List the prime factors of m.
2, 991
Let f(o) be the first derivative of 57*o**2/2 - 136*o + 40. List the prime factors of f(11).
491
Let b = 2039 - 1182. Suppose 5*y = v - 0*v - 875, v = -4*y + b. Suppose -5*k + 0*k + v = 0. List the prime factors of k.
173
Suppose 645 = -20*a + 5*a. Let v = 142 - a. Suppose -9*o + v = -8*o. What are the prime factors of o?
5, 37
Let j be (3*(-4)/(-14))/(6/21). Suppose 0 = j*y - 0*y - 546. What are the prime factors of y?
2, 7, 13
Let u(r) = -52*r - 278. Let n be u(-38). Suppose -s = -3*s + n. What are the prime factors of s?
3, 283
Suppose 37*o + 343543 = 2391604. List the prime factors of o.
3, 18451
Let d be (-13084)/(-4) - 2*3/6. List the prime factors of 6/4 - (d/(-12) - 4).
2, 139
Suppose 5*b - 36 = -4*k, -b + 20 = -0*b + 4*k. Suppose n + 2*q = -31, b*q + 129 = -4*n + q. What are the prime factors of (-22)/n - 28/(-3)?
2, 5
Suppose r = 2*k + 16262, 62*r - 32518 = 60*r + k. List the prime factors of r.
2, 11, 739
What are the prime factors of (-48)/(-40)*7460*(-117)/(-54)?
2, 13, 373
Suppose -49340 = -4*w - 2*g, -w + 5*w - 2*g = 49340. What are the prime factors of w?
5, 2467
Suppose -218*w + 216*w - 1 = 5*d, 0 = w + 3. Let x be (-2)/2*(4 + -3). What are the prime factors of (x + 2)/d - -169?
2, 5, 17
Let k = -12 - -38. Let y be (-1)/6 - k/(-12). List the prime factors of 9/(-12) - y*(-726)/16.
2, 3, 5
Let f = 23137 - 16031. What are the prime factors 